?
-5
Let t be (-21)/(-9) - (-2)/3. Suppose 4*a = 3*c + 12, -2*a = 5*c - 0*a - 6. Let m = c - t. Let k(v) = v**2 + 5*v + 3. Calculate k(m).
-3
Let s(o) = o**2 - 16*o + 12. Let b be s(15). Let t = 8 + b. Let c(g) = g**3 - 5*g**2 + 6. Give c(t).
6
Let l(z) be the third derivative of -z**6/120 + z**5/12 - z**4/6 - 2*z**3/3 + 4*z**2. Give l(4).
-4
Let s(m) be the first derivative of m**2 - m - 1. Let z be (-8 + 3)*4/10. Give s(z).
-5
Let l(c) = 9*c + 3. Let k(t) = -t + 6. Let p be k(8). Determine l(p).
-15
Let o(m) = 2*m**2 - 2*m + 2. Let b(f) = 0*f + 0 - 3 + 1 + f. Let r be b(4). Give o(r).
6
Suppose 2*u = -2*r + 2, 4*r - u = r + 7. Let z(l) = -r + 4*l**2 - l**3 - 4*l + 2*l - l. What is z(3)?
-2
Let f(p) = -p**3 - 4*p**2 + 1 - 4 + 9*p**2 - 2*p. Let i be 33/9 - 6/9. Let r(l) = l**3 - 5*l**2 + 3*l + 4. Let m(z) = i*f(z) + 2*r(z). What is m(5)?
-1
Let h(u) = -8*u. Let q(s) = 81*s. Let m(x) = -x**3 - 6*x**2 + 3*x - 3. Let l be m(-6). Let z(a) = l*h(a) - 2*q(a). Suppose -b + 2 = b. What is z(b)?
6
Suppose 4*j = -w - 16, 2*w + j + 4 = 6*w. Suppose 2*t = 3*f - 2*f - 1, 0 = 3*f - 5*t - 5. Let r(p) = 0 - 5*p + f*p + 1 - p. Give r(w).
1
Let p(c) = 3*c**2 - 11*c + 2. Let y(a) = a**2 - 5*a + 1. Let w(x) = 2*p(x) - 5*y(x). Calculate w(3).
17
Let w(y) = -y**3 + 11*y**2 - 1. Let m be w(11). Let k(s) = s + 1. Suppose -4 = 5*a + 11. Let l(d) = -2*d - 1. Let p(h) = a*l(h) - 4*k(h). Give p(m).
-3
Suppose -4*t + q = -15, q = -2*t - 2*q - 3. Let v(k) = -11*k**2 + 5*k**t - 9*k**2 + 18*k**2 + 1. Calculate v(1).
4
Let i(m) = -5*m**3 + m**2 + 10*m + 2. Let o(x) = 6*x**3 - 2*x**2 - 11*x - 3. Let u(z) = -7*i(z) - 6*o(z). Determine u(4).
4
Let s(r) = r - 7 + 1 + r + 5. What is s(-1)?
-3
Let n = 35 + -25. Suppose 5*v = -0*v + n. Let m(w) = -w**3 + w**2 - 2*w + 2. Calculate m(v).
-6
Let g be ((-85)/34)/((-2)/(-4)). Let t(b) = -3*b - 7. Calculate t(g).
8
Let b(i) = -3 - 2*i**3 + 2*i**3 + 3*i - i**3 + 3*i**2. Let d(t) be the second derivative of t**4/12 + 2*t**3/3 - t**2 - t. Let z be d(-5). What is b(z)?
6
Let i(f) = 13*f**2 - 12*f + 9. Let b(k) = -7*k**2 + 6*k - 5. Let v(l) = l**2 - 8*l + 6. Let a be v(8). Let q(c) = a*i(c) + 11*b(c). Give q(5).
-6
Let r(i) be the first derivative of -1 - 1/4*i**4 + i**3 + 3*i + 3/2*i**2. Give r(4).
-1
Let r(l) = l**3 - 5*l**2 + 4*l - 2. Let t(p) = 9*p - 7 - p**2 - 11*p**2 + p**3 + 3*p. Let i be t(11). What is r(i)?
-2
Suppose -6*m + m - 3*q = 39, 0 = -m - 4*q - 18. Let h(k) = k**3 + 7 + 7*k**2 + k**3 + 6*k - k**3. Give h(m).
7
Let h(i) = -i**3 - 5*i**2 + 7*i - 1. Suppose -w + 9 = -2*p - 3, 0 = 2*w. Calculate h(p).
-7
Suppose 0 = 6*x - 3*x. Suppose j + 4 = -j, 3*b - j + 10 = x. Let o(q) = q**2 + 3*q - 1. Calculate o(b).
3
Let o(u) = -4*u + 7. Let w be o(-3). Let q(c) = 3*c + 20 - w - 8*c. Suppose 4 = -t - r, -4*r - 8 = -4*t - 0*t. What is q(t)?
6
Let j = -6/37 + 73/222. Let z(a) be the second derivative of a + 5/12*a**4 - j*a**3 - 1/2*a**2 + 0 - 1/20*a**5. Calculate z(5).
-6
Suppose -3*j = -5*j + 2. Let x(y) = -9*y**2 + 2*y - 1. Give x(j).
-8
Let j(y) be the first derivative of -y**2/2 - 2*y + 1. Let l = -2 - -2. Determine j(l).
-2
Suppose -4*t = u + 16, 4*u = -3*t - 41 + 16. Let p(k) = 3*k**3 - 3*k**3 + 4*k**2 - 2 + 3*k + k**3. Let m be p(t). Let x(r) = r. Determine x(m).
-2
Let v(b) = -b**3 + 5*b**2 - 4*b + 2. Let o be 15/(-10)*8/(-6). What is v(o)?
6
Let w = -125 - -120. Let r(n) = n**3 + 4*n**2 - 4*n - 2. Give r(w).
-7
Let d(k) = k**2 + 9*k + 3. Let n(j) = -j**2 - 8*j - 3. Let g(a) = -2*d(a) - 3*n(a). Give g(-4).
-5
Let h = 2 + -5. Let d = -6 - h. Let q(s) be the second derivative of s**4/12 + s**3/6 - 2*s**2 + 3*s. Determine q(d).
2
Let c(x) = 0*x + x**2 + x**2 - 6*x - 3*x**2 - 4. What is c(-5)?
1
Let h(x) = -x**3 + 8*x**2 + x + 4. Suppose -76 + 20 = -7*i. Determine h(i).
12
Let z = -59 + 55. Let q(h) = -h**3 + h**2 - h + 5. Let v be q(0). Let b(n) = -3*n + 2*n**3 - v*n**2 - 3*n**3 + 0*n**3. Give b(z).
-4
Suppose 2*n + 2*k = -3*k - 14, 4*n + 5*k + 8 = 0. Suppose z = -0*z + n. Let u(d) = 2*d**2 - 1 - 3*d**z + 0*d**3 - d**2 + d**2. Determine u(1).
-2
Let m(o) be the second derivative of -o**5/20 - o**3/6 + o**2/2 + 18*o. Suppose -3 = -2*s + 1. Calculate m(s).
-9
Suppose 1 = -5*s + 26. Let w(v) = -v**3 - 13 + 22 - 7 + 2*v + 4*v**2. Give w(s).
-13
Let t(u) = -7 + u**2 - u - 6*u + 16 - 17. What is t(8)?
0
Let s(j) be the third derivative of -j**4/12 + 13*j**2. What is s(-1)?
2
Suppose 2*f + 2 = 10. Let t(i) be the first derivative of -3*i**2/2 + 6*i + 2. Determine t(f).
-6
Suppose 7 = 3*s + 1. Let r = 6 + -4. Let a(h) = -h**3 - r*h - 2*h**3 - 1 + 0 + 4*h**2 + 2*h**3. Calculate a(s).
3
Let w(d) = -d. Let x be 4*(-2 - (-2)/(-4)). Let k = x - -8. Determine w(k).
2
Let f(l) = 3*l**2 + 2. Let k(a) = -4*a**2 - a - 3. Let x(j) = 3*f(j) + 2*k(j). What is x(4)?
8
Let b(p) = 4*p**3 - p**2 - 4*p. Let f(i) = -3*i**3 + 4*i. Let c(o) = 4*b(o) + 5*f(o). What is c(3)?
3
Let j(x) = -x**3 - 4*x**2 - 5*x - 3. Let a be (8 - 8) + 2 + -2. Suppose 0 = -t - a - 3. What is j(t)?
3
Let a(t) = -t. Let o(q) = 8*q - 1. Let r(v) = -v + 8. Let n be r(6). Let y(w) = n*a(w) + o(w). Give y(1).
5
Let u be (-6)/(2 + 1) - -2. Let n(p) = -p**2 - p + 0*p + u*p + 3*p. What is n(3)?
-3
Let u(t) = 2*t**2 + 7*t + 2. Let x(j) = -j + 16. Let h be x(9). Let k(c) = -3*c**2 - 10*c - 3. Let q(m) = h*u(m) + 5*k(m). Calculate q(-2).
-3
Suppose -4 = -y, 5*y - 10 = x + x. Let d be (-1 + 0)/(4 - x). Suppose 0 = -3*a + 2*a + d. Let r(j) = j. What is r(a)?
1
Let h(z) be the first derivative of 7*z**2/2 + 2*z - 8. Calculate h(-3).
-19
Let l(g) be the first derivative of g**3/3 - 5*g**2/2 + g + 1. What is l(5)?
1
Let k(b) = -1 - 6*b**3 + 4*b**3 + 3*b**3 - b + 9. What is k(0)?
8
Suppose -s = -4*s + 18. Suppose u = -2*u - s. Let g(d) = -d**3 - 3*d**2 - 3*d - 3. Determine g(u).
-1
Let t(d) = -d**2 - 4*d - 4. Let q = 17 + -30. Let h = q - -10. Determine t(h).
-1
Let n(u) = u + 13. Let k be n(-6). Let d(x) = x**3 - 8*x**2 + 7*x. Calculate d(k).
0
Let m(v) = v**3 + 5*v**2 + 4*v + 6. Let p(g) = -g - 12. Let r be p(-8). Give m(r).
6
Let q(w) be the third derivative of w**6/120 - w**5/10 + w**4/6 - w**3/2 - 8*w**2. Give q(5).
-8
Suppose -2*h = 2*h - 8. Suppose -18 + h = -4*u. Let a = 3 - u. Let k(f) = 5*f**2 + f + 1. Calculate k(a).
5
Let l(m) = 4*m**3 + 5*m**2 + 4*m - 16. Let s(w) = -5*w**3 - 6*w**2 - 5*w + 17. Let a(i) = 6*l(i) + 5*s(i). Let y(u) = u**2 - 1. Let f be y(-1). Give a(f).
-11
Let i be 0/(-2*2/(-2)). Let k(y) be the second derivative of 2*y - 1/2*y**2 - 1/20*y**5 + 0 + 0*y**3 + 0*y**4. What is k(i)?
-1
Let a(v) = v**2 + 4*v - 4. Let j be a(-5). Let z be (-1 - 0)*(-7 - -5). Let k(g) = 2 + 3*g**z - 8*g**2 - 3. Give k(j).
-6
Let j be (2/(-6))/(2/(-12)). Let p(y) = y**3 + 4 + 7*y**2 - 2*y**2 - 3*y - j*y**2. Give p(-4).
0
Suppose 0 = a - 14 + 4. Let c = -7 + a. Let b(q) = 4 - 4 - c*q. Give b(1).
-3
Let c(j) = j**3 + 3*j**2 - j - 4. Let z be c(-3). Let g(s) = 4*s**3 - s**2 + s + 1. Determine g(z).
-5
Let f(u) = -2*u. Suppose -2*h = -2*y + 2*h + 12, -5*h + 30 = 5*y. Let r be ((-8)/(-10))/((-2)/10). Let o be r/y - 4/12. Determine f(o).
2
Let n = 48 + -58. Let o(p) = p**2 + 11*p + 5. What is o(n)?
-5
Let r(m) be the third derivative of -m**4/6 - m**3 - 7*m**2. Calculate r(-5).
14
Let y = 1467 - 1003. Let o(s) = -7 + 461*s - y*s + 16. Let t = 22 + -16. Determine o(t).
-9
Let t(c) = -4*c + 4. Let d(n) = -5*n + 5. Let i(h) = -5*d(h) + 6*t(h). Calculate i(6).
5
Let o = -7 + -3. Let b(p) = -p**3 - 11*p**2 + 3*p + 8. Let m be b(-11). Let h be (-135)/m + 4/o. Let z(r) = -r**2 + 5*r + 3. Determine z(h).
3
Suppose -2*w = 80 - 20. Let z be ((-8)/12)/(4/w). Suppose -z*m + m = 0. Let n(p) = p + 3. Give n(m).
3
Let c(j) be the second derivative of -j**4/12 - j**3 + 3*j**2 + 3*j. Let v be c(-6). Let y(s) = s - 7. Give y(v).
-1
Let h(s) be the second derivative of s**3/6 + 3*s**2/2 - s. Let z be -1 + (-4 - (5 + -9)) + -5. Determine h(z).
-3
Let x(u) = 17*u - 19 + 29*u**2 - u**3 - 14*u**2 + 0. Let g be x(16). Let d(j) = -j - 1. Calculate d(g).
2
Let d(s) = s**2 + 6*s + 3. Let k = -30 - -24. What is d(k)?
3
Let h(f) be the first derivative of -f**4/4 - 4*f**3/3 + f - 2. Let y be (1 - 1) + 2/2. Let q be 1/1*y - 5. Determine h(q).
1
Let q(c) = -c**3 - 5*c**2 - c - 3. Suppose -j = -0*j + 5. Calculate q(j).
2
Let f(c) =